12738. What is the remainder when d is divided by 379?
3
Let r = -709 - -749. Calculate the remainder when 1876 is divided by r.
36
Let m(o) = -532*o - 207. Calculate the remainder when m(-2) is divided by 65.
12
Let j(m) = 88*m + 1621. Calculate the remainder when j(-9) is divided by 14.
3
Suppose s = 5*u - 2424, 69*u - 70*u + 520 = 2*s. Let q = 25 + -18. What is the remainder when u is divided by q?
5
Let o = 5634 - 4791. Calculate the remainder when o is divided by 50.
43
Let s = 55 - 52. Suppose -4*c + 0 + 21 = s*w, 3*w = -2*c + 9. Suppose 393 = 23*p - 228. Calculate the remainder when p is divided by c.
3
Suppose 4*t + m + 24 = 116, 3*t - 2*m = 69. What is the remainder when 173 is divided by t?
12
Let o be ((7/1)/(-7))/((-2)/28). Suppose 5*p + i - 24 = -3, i + o = 2*p. What is the remainder when 64 is divided by p + (-190)/(-16) - (-1)/8?
13
Let f = 3899 + -3639. Calculate the remainder when f is divided by 122.
16
Suppose 4*y = -2*q + 136, -8*y - 354 = -5*q - 4*y. Suppose 0 = -2*d - 3*r + 48, d + 0*d + 4*r = 24. Calculate the remainder when q is divided by d.
22
Suppose -p = -12*p - 33. Let d(m) = 11*m**2 + 23*m + 1. Calculate the remainder when 128 is divided by d(p).
4
Suppose 0 = -4*k - 208 - 212. Let a = -158 - k. Let p = a - -166. What is the remainder when p is divided by 30?
23
Suppose -4*m + 54 = -3*n + 9, 50 = 4*m + 2*n. Let x = 36 - 22. Suppose 2*u + 0*u - x = 0. What is the remainder when m is divided by u?
5
Let c(s) = -s**2 - 61*s - 582. What is the remainder when 10 is divided by c(-12)?
4
Let t(j) = j + 11. Suppose -p = m - 60, 5*m + 5 = 15. Calculate the remainder when p is divided by t(-7).
2
Suppose -5304 = -96*d - 8*d. What is the remainder when d is divided by 14?
9
Suppose t = 6*t + 20. Let f be (-706)/(-18) - (-8)/(-36). Let o = f + t. What is the remainder when o is divided by 10?
5
Let d(a) = -2*a**2 - 31*a + 22. Let y = -263 + 185. Let j = -54 - y. What is the remainder when d(-15) is divided by j?
13
Suppose -5*a = t - 3 - 110, -4*t + 100 = 4*a. What is the remainder when 1406 is divided by a?
20
Suppose 267*l = -129*l + 131259 + 127329. What is the remainder when l is divided by 66?
59
Let i(b) = 2*b**3 + 208*b**2 - 209*b + 198. Suppose 8 = v - 13. Let a = v - -3. What is the remainder when i(-105) is divided by a?
21
Suppose -4*b = -3*h - 667, 49*b - 3*h - 504 = 46*b. Calculate the remainder when 196 is divided by b.
33
Suppose 2*o - 325 = -3*j, 47*o = 42*o - 4*j + 809. Suppose 5*v = -21 + 111. What is the remainder when o is divided by v?
17
Let o(f) be the first derivative of -f**4/4 - 13*f**3/3 - 19*f**2/2 - 34*f - 77. What is the remainder when 145 is divided by o(-12)?
45
Let s be 109 - -1*(0 - 7). What is the remainder when 9 + s*(13 + -6) is divided by 104?
99
Suppose -18 = 13*k - 15*k. Let b be 4 - (3 - k/3). Suppose 0*z + 2*l = z - 19, b*z = -5*l + 24. What is the remainder when z is divided by 8?
3
Let x = 41312 + -41230. Let j(g) = -g**3 + 9*g**2 - 3*g - 11. Calculate the remainder when x is divided by j(8).
24
Suppose -k - 2*h = k - 46, k - 4*h = 13. Let s(n) = 38*n - 606. Calculate the remainder when k is divided by s(16).
1
Suppose -12*n + 524 = -8*n. Let c = -30 + 45. Let o = 42 - c. What is the remainder when n is divided by o?
23
Let m = 33 + 1. What is the remainder when (-25 - (-621)/18)/((-2)/(-23 + -1)) is divided by m?
12
Suppose -h + 122 = 5*c, 4*h - 569 = -4*c - 17. Calculate the remainder when h is divided by 36.
34
Suppose -r + 7938 = 97*r. What is the remainder when r is divided by (11 - 2)/3 - -38?
40
Suppose 8 = 3*x + 17. Let n be (-3)/(-5) - (198/15)/x. Suppose 0 = i - 0*l + 3*l + 9, 55 = n*i - 5*l. Calculate the remainder when i is divided by 5.
1
Let y(v) = -31*v + 4. Let n be y(3). Let b = n + 107. Calculate the remainder when 88 is divided by b.
16
Suppose u + 187 = 215. Suppose -9*t + 827 = -u. Suppose 4*v - 24 = 40. Calculate the remainder when t is divided by v.
15
Let v = 6700 + 1894. Calculate the remainder when v is divided by 15.
14
Let q(p) = -44*p**2 - 3915*p + 133. Suppose 2*x - 1 = 19. Calculate the remainder when q(-89) is divided by x.
4
Let j be (6/45*3)/(3/(-12840)). What is the remainder when (j/40)/(2/(-10)) is divided by 24?
22
Let l(b) = 10*b + 120. Let n be -1 + 1 + -3 + -4. Calculate the remainder when l(n) is divided by 13.
11
Suppose 5*c = 2*x + 8, -3*c + 2*x + 8 = -0*c. Suppose 17*g - 81 - 786 = c. What is the remainder when g is divided by 27?
24
Let m(r) = -2*r**3 - 67*r**2 - 37*r - 54. Calculate the remainder when 230 is divided by m(-33).
74
Calculate the remainder when 364 is divided by 2/9 - 2/(36/(-554)).
23
Suppose 0 = 5*m - m + 4*c - 40, -m = 4*c - 7. Suppose m*l - 4*l = 133. Suppose -4*j + 162 = -j. Calculate the remainder when j is divided by l.
16
What is the remainder when (-58)/((-1)/2*2) is divided by -2 + -7 + 5 - -43 - -5?
14
Suppose 180 = 2*o - 2*d, -9*o = -4*o + 2*d - 429. Let g = 350 + -420. Let b = g + o. What is the remainder when b is divided by 5?
2
Let g be (1 - 1)/(-7*(-8)/56). Suppose -5*c + 70 = t, -3*c + 2*t - t + 42 = g. Let f = 14 + c. What is the remainder when 222 is divided by f?
26
Suppose -3*n + 7*n + t - 941 = 0, 5*n = t + 1174. Suppose 11*j - n = 667. What is the remainder when j is divided by 17?
14
Let k(l) = 9*l - 3. Let p be (-5)/((-35)/(-4))*(-56)/4. Suppose 0 = 2*r - 18 - p. Calculate the remainder when k(6) is divided by r.
12
Let q = -584 + 830. Let w = -213 + q. Calculate the remainder when 78 is divided by w.
12
Suppose -8458 = -90*x + 13952. Calculate the remainder when x is divided by 40.
9
Suppose -2195 = -5*w + 4*u, 4*w = -70*u + 73*u + 1757. What is the remainder when w is divided by 143?
14
Suppose -m - 2*l = m - 18, 2*l = -3*m + 23. Suppose 1 + 14 = m*x. Suppose -c - x*h = -20, -6*c + 8*c + 4*h = 32. Calculate the remainder when c is divided by 6.
2
Suppose 0 = -5*d + 5*x + 475, 294*d - 295*d + 101 = -2*x. Suppose -2*r + 126 = 24. Let y = r - 33. What is the remainder when d is divided by y?
17
Suppose 4*x + 20 = 0, -v = -6*v + 5*x + 50. Suppose 0 = -v*b - o + 150, 4*b = 3*b + 4*o + 9. Calculate the remainder when 136 is divided by b.
20
Suppose 0 = 2*p - 0*p + 5*v - 218, -p + 3*v + 131 = 0. Suppose -110*w + p*w = 4932. What is the remainder when w is divided by 50?
48
Let t be (-4 - -1 - -27)/(6/4). Let v(m) = 2*m - 17. Calculate the remainder when 35 is divided by v(t).
5
Suppose 1204*u - 12 = 1202*u, v + 2*u - 28 = 0. Calculate the remainder when 66 is divided by v.
2
Let y be (224/12)/((-4)/(-12)). Suppose -184 = -3*b + y. What is the remainder when b is divided by 14?
10
Suppose 537 - 130 = 2*o - 3*x, -9*o + 1803 = -4*x. Calculate the remainder when 427 is divided by o.
29
Suppose 33 + 23 = 4*p. Suppose 0*g + 3*g = -3*z - 3, -2*z + 3*g + 23 = 0. Suppose -z*u + 426 = 154. What is the remainder when u is divided by p?
12
Let s be (-1 - -25)/(4/(-32)*-3). Let t be 10/45 + (s/18)/2. Calculate the remainder when 62 - (t + -1 + 3)/(-2) is divided by 33.
31
Suppose 0 = 11*s - 460 - 827. Let n = -68 + s. Calculate the remainder when n is divided by 10.
9
Let t = 238 + -241. Calculate the remainder when 86 is divided by (1 + t)/((-18)/135).
11
Suppose 6*x + 353 = 311. Let h(j) = 3*j**2 + 18*j + 17. Calculate the remainder when h(x) is divided by -1 + 0 + 14 + 0.
12
Let c be (-62 + (2 - 0))*-1. Suppose -5*j = -400 - c. What is the remainder when j is divided by 28?
8
Suppose -18 = 2*v - 22. Let a be ((-70)/(-21) - 4)/(4/(-30)). Suppose -5 = -a*u, -3*k - v*k = 3*u - 923. What is the remainder when k is divided by 31?
29
Let o = 27648 - 27598. What is the remainder when 3092 is divided by o?
42
Let v = 4604 + -4549. What is the remainder when 56 is divided by v?
1
Suppose 5*y - c - 599 = 531, 4*c = 3*y - 661. Suppose y = 3*g - 1. What is the remainder when g is divided by 22?
10
Suppose -3*i - 1 + 52 = 2*r, -5*i = r - 85. Suppose 0 = 3*d + 4*o - 121, 0 = 4*d + 2*o - 5*o - 178. Calculate the remainder when d is divided by i.
9
What is the remainder when 719 is divided by 65/2*(1 - -1)?
4
Let y = -1960 - -2002. What is the remainder when 4157 is divided by y?
41
Let z = 2 + 1. Suppose z*s - 2*q + 710 = 8*s, 0 = 5*q - 25. Let c(p) = 594*p - 8298. What is the remainder when s is divided by c(14)?
14
Supp